e the remainder when 34419 is divided by 1927.
1660
Calculate the remainder when 1513 is divided by 214.
15
Calculate the remainder when 510623 is divided by 15.
8
What is the remainder when 22835 is divided by 113?
9
Calculate the remainder when 3119881 is divided by 21.
16
What is the remainder when 678987 is divided by 54?
45
Calculate the remainder when 26736 is divided by 3276.
528
Calculate the remainder when 81371 is divided by 18.
11
What is the remainder when 14734 is divided by 275?
159
Calculate the remainder when 328416 is divided by 381.
375
What is the remainder when 225301 is divided by 5?
1
Calculate the remainder when 4435 is divided by 10.
5
Calculate the remainder when 1873 is divided by 910.
53
Calculate the remainder when 1762 is divided by 419.
86
Calculate the remainder when 2296 is divided by 37.
2
What is the remainder when 18814 is divided by 1448?
1438
Calculate the remainder when 7065 is divided by 34.
27
Calculate the remainder when 7484 is divided by 33.
26
What is the remainder when 40210 is divided by 89?
71
Calculate the remainder when 14943 is divided by 456.
351
What is the remainder when 813 is divided by 114?
15
What is the remainder when 1557 is divided by 298?
67
What is the remainder when 56090 is divided by 2?
0
Calculate the remainder when 13965 is divided by 405.
195
Calculate the remainder when 1876 is divided by 295.
106
What is the remainder when 15245 is divided by 31?
24
What is the remainder when 29001 is divided by 36?
21
What is the remainder when 6236 is divided by 1035?
26
What is the remainder when 21579 is divided by 148?
119
What is the remainder when 38293 is divided by 323?
179
What is the remainder when 3767 is divided by 1709?
349
What is the remainder when 21669 is divided by 289?
283
What is the remainder when 1239 is divided by 100?
39
What is the remainder when 1362 is divided by 215?
72
What is the remainder when 66595 is divided by 46?
33
What is the remainder when 4923 is divided by 1131?
399
Calculate the remainder when 6551 is divided by 1628.
39
What is the remainder when 1746 is divided by 177?
153
Calculate the remainder when 195816 is divided by 394.
392
What is the remainder when 1556 is divided by 1545?
11
What is the remainder when 3785 is divided by 1245?
50
What is the remainder when 57158 is divided by 11428?
18
Calculate the remainder when 550709 is divided by 935.
929
Calculate the remainder when 2023 is divided by 1733.
290
What is the remainder when 99972 is divided by 465?
462
What is the remainder when 143362 is divided by 1629?
10
What is the remainder when 83845 is divided by 275?
245
What is the remainder when 26542 is divided by 435?
7
Calculate the remainder when 323439 is divided by 286.
259
Calculate the remainder when 139179 is divided by 59.
57
Calculate the remainder when 480116 is divided by 811.
4
What is the remainder when 8693493 is divided by 28?
25
What is the remainder when 39707 is divided by 230?
147
What is the remainder when 87829 is divided by 12545?
14
What is the remainder when 15031 is divided by 1163?
1075
What is the remainder when 15009 is divided by 620?
129
What is the remainder when 140777 is divided by 11?
10
Calculate the remainder when 2785 is divided by 5.
0
Calculate the remainder when 355654 is divided by 406.
404
What is the remainder when 46561 is divided by 1225?
11
Calculate the remainder when 41883 is divided by 91.
23
What is the remainder when 8569 is divided by 22?
11
Calculate the remainder when 44567 is divided by 4049.
28
Calculate the remainder when 8093 is divided by 199.
133
What is the remainder when 877 is divided by 135?
67
What is the remainder when 3369 is divided by 15?
9
What is the remainder when 5071 is divided by 616?
143
Calculate the remainder when 331 is divided by 134.
63
What is the remainder when 2630079 is divided by 546?
543
What is the remainder when 3515 is divided by 42?
29
What is the remainder when 2143094 is divided by 44?
30
Calculate the remainder when 14704 is divided by 14696.
8
Calculate the remainder when 283955 is divided by 676.
35
Calculate the remainder when 116433 is divided by 13.
5
What is the remainder when 503593 is divided by 14?
13
What is the remainder when 8144 is divided by 6?
2
Calculate the remainder when 79199 is divided by 73.
67
What is the remainder when 50106 is divided by 583?
551
Calculate the remainder when 2225 is divided by 18.
11
Calculate the remainder when 42897 is divided by 325.
322
Calculate the remainder when 169637 is divided by 3.
2
Calculate the remainder when 479940 is divided by 62.
60
What is the remainder when 8730 is divided by 673?
654
What is the remainder when 851 is divided by 498?
353
Calculate the remainder when 178318 is divided by 523.
498
What is the remainder when 23540 is divided by 109?
105
What is the remainder when 6312 is divided by 1257?
27
What is the remainder when 192869 is divided by 64281?
26
Calculate the remainder when 2112 is divided by 98.
54
What is the remainder when 7256 is divided by 1092?
704
Calculate the remainder when 2602 is divided by 783.
253
What is the remainder when 196233 is divided by 82?
7
What is the remainder when 7228 is divided by 29?
7
What is the remainder when 5695 is divided by 285?
280
What is the remainder when 2191066 is divided by 226?
222
Calculate the remainder when 22996 is divided by 50.
46
Calculate the remainder when 912905 is divided by 456442.
21
Calculate the remainder when 15806 is divided by 322.
28
What is the remainder when 8182 is divided by 129?
55
Calculate the remainder when 6674 is divided by 2987.
700
What is the remainder when 21688 is divided by 14?
2
Calculate the remainder when 32469 is divided by 10823.
0
What is the remainder when 9555 is divided by 129?
9
Calculate the remainder when 22567 is divided by 71.
60
What is the remainder when 11305 is divided by 1213?
388
What is the remainder when 10753 is divided by 57?
37
Calculate the remainder when 177 is divided by 51.
24
Calculate the remainder when 324658 is divided by 13.
9
Calculate the remainder when 1476 is divided by 39.
33
What is the remainder when 465 is divided by 154?
3
What is the remainder when 21233 is divided by 30?
23
Calculate the remainder when 10302 is divided by 3099.
1005
Calculate the remainder when 1705 is divided by 306.
175
What is the remainder when 2547 is divided by 95?
77
What is the remainder when 5307 is divided by 2609?
89
Calculate the remainder when 334252 is divided by 51.
49
What is the remainder when 360189 is divided by 384?
381
Calculate the remainder when 14569 is divided by 224.
9
Calculate the remainder when 330105 is divided by 13.
9
What is the remainder when 133134 is divided by 7395?
24
Calculate the remainder when 453885 is divided by 768.
765
Calculate the remainder when 8515 is divided by 20.
15
What is the remainder when 48921 is divided by 324?
321
What is the remainder when 104631 is divided by 44?
43
What is the remainder when 125709 is divided by 648?
645
What is the remainder when 713763 is divided by 50?
13
What is the remainder when 8542 is divided by 178?
176
What is the remainder when 1495 is divided by 377?
364
Calculate the remainder when 301457 is divided by 60290.
7
Calculate the remainder when 11282 is divided by 93.
29
Calculate the remainder when 485473 is divided by 3173.
4
What is the remainder when 2499 is divided by 273?
42
What is the remainder when 1290 is divided by 19?
17
Calculate the remainder when 2754 is divided by 84.
66
Calculate the remainder when 80201 is divided by 2005.
1
Calculate the remainder when 98549 is divided by 32839.
32
What is the remainder when 309480 is divided by 753?
750
Calculate the remainder when 1325589 is divided by 14.
13
What is the remainder when 54870 is divided by 9121?
144
Calculate the remainder when 309 is divided by 125.
59
What is the remainder when 4373 is divided by 131?
50
What is the remainder when 1707370 is divided by 16?
10
What is the remainder when 1431 is divided by 135?
81
What is the remainder when 225 is divided by 86?
53
What is the remainder when 31288 is divided by 7820?
8
Calculate the remainder when 2271 is divided by 672.
255
Calculate the remainder when 2558 is divided by 15